) - 9*o(g). Is i(-3) a composite number?
False
Let p(x) = 85*x**2 - 3*x**3 + 3 + 10*x - 89*x**2 + 3. Is p(-7) composite?
False
Let f = 72440 - 32023. Is f composite?
True
Let z(x) be the third derivative of x**5/60 - x**4/6 + x**3 + 4*x**2. Is z(-7) a composite number?
False
Let v = 3 + 3. Let m(z) = z**3 + 3*z**2 + 5*z + 4. Is m(v) composite?
True
Let u(t) = t**3 + t**2 + t + 3388. Let r be u(0). Suppose 4*y + 1279 - 6904 = -5*z, -5*y = 3*z - r. Is z a composite number?
True
Let p = 231 - 597. Let y be (-70)/(-21)*p/(-4). Suppose -3*w - 56 = -y. Is w a prime number?
True
Suppose y = 3*k - 18, 5*k - 3*y = -2*y + 28. Suppose 0*w = -k*w. Suppose w*p + p - 191 = 0. Is p composite?
False
Suppose -4*i = -9*i - 1745. Let f = 560 + i. Is f a prime number?
True
Let h be 12/(-42) + 79/7. Suppose 725 = h*t - 6*t. Is t a composite number?
True
Let v be (-5)/(-10) - (-27)/2. Let l = 12 - v. Is (l - -8)*(-47)/(-2) a prime number?
False
Let a be ((-7)/2)/((-21)/6342). Is -2 + 3 + a - (-6)/(-2) a prime number?
False
Is 5/(-45) + 3584/18 composite?
False
Suppose 33*a + 89784 = 36*a - 3*j, -2*j + 149605 = 5*a. Is a a prime number?
False
Let a(o) = -o**2 + 21*o + 5. Let s be a(21). Suppose s*t = -3*p + 527 + 1326, -5*p = 20. Is t a composite number?
False
Let k be (-444)/(-18) + 2/(-3). Suppose 3*l = -l - k. Let g(q) = q**2 + 5*q + 5. Is g(l) a prime number?
True
Let s = 12 - 9. Suppose 0 = -s*y - 3*n + 24, -5*y + 2*n + 24 = 3*n. Suppose v - 453 = -y*v - 2*c, 2*v = 2*c + 184. Is v a composite number?
True
Let t = -13 - -46. Suppose 26 = u - t. Is u prime?
True
Suppose 0 = 5*d + 328 - 3698. Is d a prime number?
False
Let g = 2980 + -533. Is g composite?
False
Let k = -2976 + 8755. Is k composite?
False
Suppose 0 = 19*i + i - 32660. Is i a prime number?
False
Suppose -s = -3*h + 18484, 24627 = 4*h - 4*s - s. Is h prime?
True
Suppose -4*v = -4*j - 82888, 3*j + j - 20697 = -v. Is v a prime number?
True
Let h be 8/(-12)*3249/(-2) + 4. Let y = h - 606. Is y composite?
True
Suppose 11*o - 9*o = 72. Let j = o + -32. Suppose j*k - 66 = 698. Is k composite?
False
Suppose -2*h = -q - 20438, 4*q + 30657 = -12*h + 15*h. Is h composite?
True
Let y be 3 - (1 + (1 - 3)). Suppose 3*d - 4*d - 4 = 0, 2*d = y*s - 692. Suppose 12 = -3*j + s. Is j prime?
True
Suppose q - 18038 - 7339 = -2*c, q - 25357 = 3*c. Is q a composite number?
True
Let q be 6/48 + 36597/24. Let i = q - 840. Is i prime?
False
Let y(w) = -5*w**3 - 12*w**2 + 2*w + 53. Is y(-12) a composite number?
True
Suppose 42*f - 37648 = 38*f. Let m = -6429 + f. Is m a composite number?
True
Suppose 0 = -5*o + 3*k - 0*k - 106, -k - 58 = 3*o. Let v = -17 - o. Suppose 0 = -g + 4*z + z + 148, -4*g + 523 = v*z. Is g a composite number?
True
Let u = -1438 - -2326. Let f = -350 + u. Is f a prime number?
False
Let v(t) = 3*t - 11. Let a be v(8). Suppose -a = -3*p - 4. Suppose -3 = p*z, -4*i + 228 = 4*z + 36. Is i composite?
True
Let y(d) = -3*d - 47 + 24*d**2 - 2*d + d + 50. Is y(7) prime?
True
Suppose 7*z - 5*z - 12638 = 0. Suppose 4*a - 37 = z. Is a a prime number?
False
Suppose -5*f + 191 = 3*h, 2*f - 68 = 2*h - 6*h. Let b be f/(-8)*(-9)/(-15). Is ((-5)/(-15))/(b/(-10719)) a prime number?
False
Let v(o) = o + 3. Let u be v(-5). Let j = 1700 - 938. Is (u/(-6))/(2/j) prime?
True
Is ((0 - -1721) + 0)*(13 - 2) composite?
True
Suppose -2 - 13 = -5*q. Suppose -5*f - 4 + 20 = 4*p, 4*f - 15 = -p. Suppose -f*v + 6*v - 64 = -q*t, 3*v - 62 = 4*t. Is v prime?
False
Let l(o) = 1848*o - 61. Is l(6) a composite number?
False
Suppose 4*r = 4, 697 = 5*a - 4*r - 2844. Is a composite?
False
Let h be 2/(((-36)/8)/(-9)). Suppose 2 = o + 5, -5*o - 1675 = -h*j. Suppose -q - j = -i - 2*q, 20 = -5*q. Is i a prime number?
True
Let a(p) = p**3 - p**2 - 1. Let i be 4/1*49/28. Let k be a(i). Let q = k - 0. Is q a composite number?
False
Let a = -42289 - -68018. Is a a prime number?
False
Suppose 0 = -4*d + 3*w + 1153, -d + 0*w - 2*w + 291 = 0. Suppose -i = d - 1210. Is i a composite number?
True
Let h = 70 - 49. Let c = 385 - 403. Is 708/c*h/(-2) composite?
True
Let n = 7 + -3. Suppose z + 4*z = n*r + 173, 3*r = -3*z + 120. Is z a composite number?
False
Let d(o) = 3*o**3 - 2*o**2 - 5*o - 7. Suppose 0 = 3*l + 2*y - 19, -y - 8 = -4*l + 2*l. Is d(l) a composite number?
False
Let c = 742 + -523. Is c composite?
True
Let p(x) = 120*x + 4. Let v be p(-2). Let f = -49 - v. Is f composite?
True
Let m(t) = -t**2 + 2*t + 5. Let o be m(0). Suppose 2*z + o*l - 419 = -0*z, -5*z = -4*l - 1031. Is (-1)/((-3)/z - 0) a composite number?
True
Let n(q) = -679*q**3 - q**2 + 1. Let t be ((-2)/(-4))/((-7)/14). Is n(t) a prime number?
False
Suppose -4*p + 4*k = 8*k + 36, 3*p + 27 = -5*k. Let f(a) = -19*a - 22. Is f(p) composite?
False
Is 6/18 - (1 + (-331806)/18) a prime number?
True
Suppose -5*b + 0*i + 5*i = -13180, -i = -4*b + 10550. Is b prime?
False
Let n = 5666 - 4029. Is n a prime number?
True
Suppose 21 + 191 = t - 3*x, 427 = 2*t - 3*x. Is t - (-5)/(20/(-16)) composite?
False
Let a = 37409 + 50672. Is a a composite number?
True
Is -6 - -2*16678/4 a prime number?
False
Suppose -3*t + 5*t = 898. Let l = t + 182. Is l a prime number?
True
Let w = 9 - 9. Suppose -4*f + 8 = w, -2*f - 1562 + 452 = -2*v. Is v prime?
True
Let g(r) = -r**2 + 16*r + 3. Let k be (21/4)/((12/32)/1). Is g(k) composite?
False
Suppose 0 = -13*f + 565907 - 88300. Is f prime?
True
Let g be (-8)/(-12) - (-6441)/(-9). Suppose 5*n = 5*b, -4*n + 3*b = -2 + 6. Is g/n - 9/(-36) prime?
True
Suppose 0 = 2*m - 10, 0 = 4*v - v - 2*m - 410. Suppose 76 = -3*j - 0*l + 2*l, 4*j + 5*l = -63. Let o = j + v. Is o a composite number?
True
Suppose -2*p + 3 = y + 12, -p + 3*y = 1. Is -1574*p/(-24)*-3 a prime number?
True
Let s(f) = f**3 + 7*f**2 + 4*f. Let z be s(-3). Let j be 3/(-24) + 8259/z. Is (1 - (6 + -2)) + j a prime number?
False
Let i = 37956 + -19499. Is i prime?
True
Let x be (-16)/(-24) + 2/(-3). Is (-1 + x)*(0 + -4405) - 0 composite?
True
Is ((-114)/12 - -10)/(2/22444) a composite number?
True
Suppose 123*j - 122*j = -4*x + 13048, 3*j - 9795 = -3*x. Is x a composite number?
True
Let z(g) = 13*g + 30. Let h(l) = 1. Let x(t) = -h(t) - z(t). Is x(-18) a composite number?
True
Let r = -707 + 1212. Suppose -r = -3*q - d + 1032, -3*q = -2*d - 1552. Is q prime?
False
Let l(j) = -4*j. Let s be l(0). Suppose 5*m = -5*d + 1880, 4*d + 3*m - 103 - 1402 = s. Is d prime?
False
Let r(w) = -3*w + 34. Let b be r(6). Suppose -11*j = -b*j + 1895. Is j a composite number?
False
Let b(l) = -5*l**2 + 5*l**2 + l**2 - 1 - 2*l + 8. Is b(-8) a composite number?
True
Suppose -5*r = -44 - 141. Is r*6/(-4)*56/(-12) a composite number?
True
Let x(v) = 3*v - 25. Let s be x(9). Suppose 0 = s*c + k - 220, c - k = 61 + 52. Is c a composite number?
True
Suppose 3*d = g + 83, d + 2*g = 6 + 10. Is d prime?
False
Suppose -1 = -3*s + 5. Let v(l) = 215*l + 4. Let u be v(s). Let f = 1905 - u. Is f prime?
True
Let p be 2 + 36817/11 + 1 + 1. Suppose 97*g + p = 100*g. Is g prime?
True
Suppose -19*y + 68*y - 1338827 = 0. Is y composite?
True
Suppose 0 = -3*a + 5*a - 2*d - 91036, 0 = 3*a + 3*d - 136548. Is a prime?
False
Let p = -3866 + 7957. Is p prime?
True
Suppose 0 = -m + 4, -3*m + 4 = 2*x - 6*x. Suppose 3*g - 322 = -g + x*c, 0 = 3*g - 5*c - 252. Is g a prime number?
True
Let d = 119782 + -82643. Is d prime?
True
Let a(t) = 108*t + 7. Let u(k) = 108*k + 7. Let g(l) = -2*a(l) + 3*u(l). Let z be g(-2). Let w = z - -340. Is w a prime number?
True
Let f be (0/(1 + 1))/(13 - 16). Let c(b) = 497 + 2*b + 126 - 36 - 3*b. Is c(f) prime?
True
Let n(a) = 33 + 24*a - 13*a - 12*a. Is n(11) a prime number?
False
Let q(p) = 352*p - 59. Is q(6) a prime number?
True
Suppose -5*w + 12 = 2. Suppose 0 = -w*r - 3*k + 1773, k - 540 = -2*r + 1223. Is r a composite number?
True
Let y(m) = 7*m**2 - 3*m - 2. Let o(s) = s**2 + s + 1. Let g(p) = 9*p**2 - 9*p - 9. Let r(l) = g(l) + 4*o(l). Let v(u) = 4*r(u) - 7*y(u). Is v(5) prime?
False
Is -3*(12 + 231651/(-27)) prime?
True
Let i = -170 - -967. Is i a composite number?
False
Suppose 2*m = -4*g + 7660, -7665 = -m - m - 3*g. Suppose -4*y + m = -c, 0*y + 1922 = 2*y - c. Let b = -70 + y. Is b a composite number?
True
Let m(v) = 2*v**2 - 29*v - 43. Is m(-10) composite?
True
Let c(d) = -3*d - 2*d + 0*d + 3 + d. Is c(-3) composite?
